. Let u be (-3 + 9)*(-13)/3. Let x = j - u. Is x a prime number?
False
Is ((-57594671)/(-554))/((-1)/(-2)) a prime number?
True
Let i = -722 + 3301. Is i a prime number?
True
Let w be (-1044)/(-15) + (-4)/(-10). Let i = w - -441. Suppose -s + i = 80. Is s prime?
True
Let j(w) be the third derivative of w**4/24 - 4*w**3/3 - 4*w**2. Let c be j(11). Suppose -c*m + 195 = 2*m. Is m a prime number?
False
Let o(g) = -5*g - 15. Let x be o(-11). Suppose -3*n = -x - 221. Is n prime?
False
Suppose -125 = 14*l + 15. Is (1212/l)/(14/(-35)) composite?
True
Let i be (103 - 4) + -2 + 3 + -1. Suppose 2*l - 5*k = -l + i, -143 = -4*l + 3*k. Is l a prime number?
False
Let r(d) = -7*d**3 + 7*d**2 + 16*d + 10. Let p be r(10). Let s = -3353 - p. Is s prime?
True
Suppose -179*b - 151192 = -187*b. Is b a prime number?
True
Let t = -5704 + 10299. Suppose 0 = 3*w + 2*w - t. Is w prime?
True
Let l(v) = 17*v**3 - 7*v**2 + 11*v - 5*v**2 - 8*v**2 - 3 + 12*v**2. Is l(5) composite?
True
Let v(l) = -l + 5. Let s be v(-3). Let j be -2*4/s*2. Is (-197)/(-5) - j/(-5) a composite number?
True
Let z be ((-10)/25)/(1/(-10)). Suppose z*t = -23 + 591. Is t a prime number?
False
Suppose 0*h + 2*h + 1202 = 0. Let s = -398 - h. Suppose -76 = k - s. Is k composite?
False
Let n(v) = v**2 - 4*v + 97. Let h = 44 + -44. Is n(h) a prime number?
True
Let s(u) = 22*u - 15 + 14*u - 134*u. Is s(-19) prime?
True
Is (-3 + 6)/((-69)/(-630821)) composite?
False
Is (-32)/4 - (-7 - 23600) a composite number?
False
Let m(x) be the third derivative of 57*x**4/8 + 32*x**3/3 - 37*x**2. Is m(7) a composite number?
True
Suppose 2*p + 10732 - 57678 = 0. Is p a prime number?
True
Let r(f) = -f**2 + 11*f + 8. Let m be r(7). Let w = m - -158. Is w prime?
False
Let l(o) = 12651*o + 20. Is l(1) composite?
False
Let d be 1646 - -1 - (-12)/(6/2). Let w = -762 + d. Is w a composite number?
True
Let v = -1763 - -2640. Is v a prime number?
True
Let f(y) = -y**3 - 11*y**2 - 24*y - 5. Let c be f(-8). Is 16835/25 - (-1)/(c/2) prime?
True
Is (-60366)/2*8/(-24) composite?
False
Suppose 2*h = 5*a - 27, 5*a - 16 = 5*h + 29. Is ((-795)/h)/((-3)/(-6)) prime?
False
Suppose c = -n + 5, 18 = c + 3*c + 2*n. Suppose c*g - 1165 = 831. Is g composite?
False
Is (44/20)/(6 + (-459112)/76520) prime?
False
Let o = -77 + 79. Let r(h) = -h + 4. Let c be r(0). Suppose -o*t - 370 = -c*t. Is t a composite number?
True
Suppose -2*c = c + 9. Let n(v) = -v**3 + 4*v**2 - 2*v - 2. Let j be n(c). Suppose 262 - j = 5*q. Is q prime?
False
Let x(c) = c**3 - 4*c**2 + c - 1. Let u be 4/(-12) + 13/3. Let f be x(u). Suppose -4*o = t - 1484, 371 = 5*o - 4*o - f*t. Is o prime?
False
Suppose 670 = 4*s - 13706. Suppose s = 52*q - 50*q. Is q a composite number?
True
Let k be (-26)/(-1)*(7 - 5). Suppose -2*i - 4*v + 190 - k = 0, -340 = -5*i - 5*v. Is i composite?
False
Let j = 7198 + 8047. Is j composite?
True
Suppose 3*o + 5*v = -0*o + 4936, -4*o = -2*v - 6538. Is o a composite number?
False
Let l(k) = k**2 - 6*k + 4. Let m be l(6). Suppose -d - 4*h + m = 0, 5*d - 11 - 9 = -4*h. Suppose 47 = b - 3*n, 4*b - 76 = d*n + 128. Is b a composite number?
False
Suppose 9*w = -17794 + 65467. Is w composite?
False
Suppose 4*o - 7496 = 11032. Suppose 4*q + 1444 = o. Is q prime?
True
Let g = 18574 - 10757. Is g composite?
False
Let v(s) = 48*s**2 + 8*s + 2. Let y be v(-7). Suppose 2*g = 4*u + y, -2*g = -0*g + 4*u - 2330. Is g composite?
True
Suppose 5*q - 24897 = 25268. Is q composite?
True
Let k be (444/24)/((-1)/(-2)). Let j = -16 + k. Is j a composite number?
True
Let m(c) = c**3 + 10*c**2 - 6*c - 8. Suppose -3*p + 8 = -10. Suppose -8*g = -p*g + 18. Is m(g) prime?
True
Let u(r) be the first derivative of -r**4/4 - 2*r**3/3 + 3*r**2/2 + r + 35. Is u(-4) composite?
True
Let v = 2456 - 354. Let g = -6115 + v. Is (-24)/(-60) - g/5 composite?
True
Let m(l) = 6*l**3 - 6*l**2 + 5*l - 1. Suppose 4*h - 159 = 3*n, -3*h - 2*h - 4*n + 222 = 0. Let o = h - 38. Is m(o) a composite number?
False
Is (0 + (-6836)/3)*48/(-32) composite?
True
Let j(x) = -14882*x**3 + 8*x + 7. Is j(-1) a prime number?
False
Let f(h) = h**2 + 10. Let v be f(7). Is (v - 4) + (-2 - 2) prime?
False
Suppose 4*a = 4*g + 1648 - 176, 5*a = -2*g + 1861. Is a a composite number?
True
Let h(q) = q + 2. Let y be h(-2). Suppose 4*z + 5*l + 10 = y, -2*l = 3*z - 4*l + 19. Is 22/55 + (-1903)/z prime?
False
Let f(c) = c**2 + 4*c + 5. Let p be f(-5). Suppose 2*z + 3*h = 2*h + 4349, -2*h = p. Is z prime?
False
Let a = -61 + 41. Let w = a - -15. Is (249/6)/(w/(-10)) prime?
True
Suppose -8*y + 5 = -7*y. Suppose 5*o + 5*l + 18 = 798, -3*o = y*l - 458. Is o a prime number?
False
Let s(w) = 2*w + 6. Let v be s(4). Suppose i + 4*m = m - v, m + 8 = 3*i. Is (-830)/(-15) - i/3 prime?
False
Suppose -b + 30 = -6*b. Let c be b/9 - 2/(-3). Suppose 237 = g + m, 4*m = -c*m + 8. Is g prime?
False
Let h = -228584 - -333637. Is h composite?
True
Suppose -5*q + 2*s - 8 = 0, 4*q - 4*s + 2 = -14. Suppose -2*m = -2*i, q = m + 4*i - i - 12. Suppose -3*y + 5*y = 5*o + 1039, 0 = m*y + o - 1550. Is y prime?
False
Let y be (5/(-3))/(13/(-39)). Suppose 14*s - y*s - 10053 = 0. Is s composite?
False
Suppose 3*f - 7 = u + 22, -53 = -5*f + 4*u. Let m be (f + -11)*1/1. Is (-8)/12*993/m prime?
True
Let c(h) = -25*h - h + 17 - 21*h. Let m be (-39 - -18) + 13 + -2. Is c(m) prime?
True
Suppose 3*y - 31 = 35. Suppose -28*q + 8166 = -y*q. Is q prime?
True
Let n(o) = o**3 - 7*o**2 - 8*o + 2. Suppose -3*l + 6*l - 24 = 0. Let u be n(l). Suppose u*a + 3*a - 275 = 0. Is a composite?
True
Let b be (3 + -2)*(977 - 10). Let q = b - -616. Is q composite?
False
Let s be (-1 - 1) + (-10)/10. Let u(a) = -a**3 - 2*a**2 + 4*a + 3. Let j be u(s). Is (j/3)/4 + 58 a prime number?
False
Let k be 1866/4*16/6. Suppose 2*i - 2686 = k. Suppose 0 = 3*j + 2*j - i. Is j prime?
False
Suppose -6 = 13*v - 15*v. Let t(r) = 89*r + 2. Let s be t(v). Suppose 0 = -4*x + s + 95. Is x a composite number?
True
Suppose -3*d - 3*q = -6*d + 447, 0 = 5*d - 2*q - 730. Suppose -d = 3*g + 255. Let u = 488 + g. Is u a prime number?
False
Suppose 0 = -6*v + 1286 + 3076. Let i = 1218 - v. Is i composite?
False
Suppose 42*m - 111941 = 19*m. Is m prime?
False
Suppose 3*i + 98 = 5*i. Suppose -4*u + h = -107, u + 14 - i = 3*h. Let q = u + 8. Is q composite?
True
Let z(k) = 5 - 5*k**2 + k**3 + 3*k**2 - 3 + 10*k. Is z(7) a composite number?
False
Let n(o) = -o**3 - 6*o**2 - 13*o - 25. Is n(-6) a composite number?
False
Suppose -2*y + 576 = -4*p, -5*y + 589 = -5*p - 131. Let b = p + 356. Suppose -t + 41 = -b. Is t a prime number?
False
Let q = -2644 - -4265. Is q prime?
True
Let j(l) = -22*l**3 + 2*l**2 + l. Let k = -5 - -9. Suppose -k = 4*c - 0. Is j(c) a prime number?
True
Suppose -11*k + 964 = -6450. Is k a composite number?
True
Let h be -34*-2*(-286)/(-8). Suppose 3*d - 2*u = h, -3*u + 1 - 7 = 0. Is d prime?
True
Suppose 0 = 4*b + 50 - 34. Is b/(-12)*(1505 + 4) composite?
False
Let a = -4 + 7. Suppose -2*o - o + 4*n = -3085, a*o - 5*n - 3086 = 0. Is o composite?
True
Suppose l + 3 = -2*l. Is (309/6)/(l/(-2)) a prime number?
True
Suppose 4*t = 6*t. Let b(a) = a**3 + 2*a**2 + 697. Let x be b(t). Suppose -3*g - g = m - x, 2*g + 6 = 0. Is m a composite number?
False
Let f = 24451 + -17112. Is f composite?
True
Let n = 12572 + -7031. Is n prime?
False
Let t = -13209 - -5813. Let v = t + 10647. Is v a composite number?
False
Let l(j) = -12*j**3 + 3*j**2 + 8. Let m(b) = 11*b**3 - 4*b**2 + b - 9. Let t(q) = 5*l(q) + 4*m(q). Is t(-3) a composite number?
True
Suppose -4*m = 4*j - 56, 4*m + j - 47 = -0*m. Let l = -126 - -152. Let p = l + m. Is p a composite number?
False
Let d be (-15)/3*(48 + -1). Suppose -z - 139 - 9 = 0. Let m = z - d. Is m prime?
False
Let q(k) = 2*k**3. Let h be q(1). Let u be h/(-3) - (-4)/6. Is (58 - (-4 + 3)) + u prime?
True
Let b(p) = 2*p**2 + 10*p - 15. Let x be b(10). Suppose -x = -y + 20. Suppose i = 5*t - 329, -5*i = 2*t + 3*t - y. Is t composite?
True
Let f = 1629 - -4165. Is f a composite number?
True
Let w be 5/(3/(-9) + 0). Let r(h) = -h**3 - 15*h**2 - 2*h + 10. Let c be r(w). Let g = c + 9. Is g prime?
False
Suppose -26*c = -28*c + 4. Is 2/(-4)*c + 495 + -1 composite?
True
Let h = 2010 - 444. Suppose -2702 = -4*s + h. Is s a prime number?
False
Suppose -11*x = -14*x + 4047. Let t = 2